39597?
3, 23, 109, 2957
What are the prime factors of 219488740?
2, 5, 2003, 5479
List the prime factors of 120496747.
7, 23, 149, 5023
What are the prime factors of 965290255?
5, 6299, 30649
List the prime factors of 141863746.
2, 70931873
List the prime factors of 483296643.
3, 41, 1309747
List the prime factors of 8498346.
2, 3, 79, 17929
List the prime factors of 1589429253.
3, 43, 107, 115151
List the prime factors of 1080420804.
2, 3, 31, 257, 3767
List the prime factors of 4741838143.
7, 467, 4229
List the prime factors of 2045264887.
199, 10277713
List the prime factors of 244552727.
109, 223, 10061
List the prime factors of 2589128.
2, 323641
List the prime factors of 377118232.
2, 19, 349, 7109
What are the prime factors of 13311446?
2, 6655723
List the prime factors of 4225197870.
2, 3, 5, 991, 15791
What are the prime factors of 10709885?
5, 2141977
List the prime factors of 1036355395.
5, 207271079
What are the prime factors of 114148741?
7, 16306963
List the prime factors of 1852373962.
2, 926186981
List the prime factors of 1318775937.
3, 5399, 81421
List the prime factors of 54548697.
3, 7, 103, 25219
What are the prime factors of 117640395?
3, 5, 59, 751
List the prime factors of 18025688.
2, 739, 3049
List the prime factors of 2733693135.
3, 5, 182246209
List the prime factors of 3971972217.
3, 59, 22440521
What are the prime factors of 41370501?
3, 29, 475523
What are the prime factors of 182796153?
3, 727, 83813
List the prime factors of 162997460.
2, 5, 8149873
List the prime factors of 1821287960.
2, 5, 45532199
What are the prime factors of 29060947?
37, 785431
List the prime factors of 52542013.
52542013
List the prime factors of 1052871238.
2, 526435619
List the prime factors of 28259236.
2, 17, 415577
List the prime factors of 380643984.
2, 3, 7, 377623
What are the prime factors of 548104991?
7, 4519, 17327
What are the prime factors of 7453377?
3, 19, 29, 167
List the prime factors of 931837492.
2, 2477, 94049
List the prime factors of 3628103838.
2, 3, 4691, 128903
What are the prime factors of 24371769?
3, 2213, 3671
List the prime factors of 2685149543.
2685149543
List the prime factors of 4068894371.
3559, 1143269
What are the prime factors of 218708072?
2, 11, 2485319
List the prime factors of 6208818.
2, 3, 7, 11, 89, 151
List the prime factors of 45909634.
2, 107, 214531
List the prime factors of 152720444.
2, 367, 104033
List the prime factors of 869756274.
2, 3, 19, 31, 82037
List the prime factors of 144497824.
2, 17, 265621
List the prime factors of 135971762.
2, 43, 83, 443
List the prime factors of 69216478.
2, 34608239
What are the prime factors of 2129058894?
2, 3, 23, 670781
List the prime factors of 310645805.
5, 211, 277, 1063
List the prime factors of 117683985.
3, 5, 23, 14831
List the prime factors of 4992228735.
3, 5, 13, 53, 73, 509
List the prime factors of 3793760930.
2, 5, 379376093
List the prime factors of 3376213440.
2, 3, 5, 3516889
What are the prime factors of 392240483?
392240483
What are the prime factors of 15324926?
2, 7662463
What are the prime factors of 1603188429?
3, 37, 1039, 13901
List the prime factors of 1500254590.
2, 5, 17, 8825027
What are the prime factors of 1661197984?
2, 41, 1266157
List the prime factors of 3263921055.
3, 5, 4229, 5717
What are the prime factors of 115552539?
3, 281, 45691
What are the prime factors of 1090831440?
2, 3, 5, 233, 19507
List the prime factors of 402776760.
2, 3, 5, 79, 42487
What are the prime factors of 583036363?
7, 13, 47, 136319
What are the prime factors of 615521388?
2, 3, 853, 60133
List the prime factors of 185896330.
2, 5, 3041, 6113
What are the prime factors of 101443983?
3, 19, 167, 10657
What are the prime factors of 233651324?
2, 2971, 19661
What are the prime factors of 106996361?
71, 641, 2351
List the prime factors of 102575934.
2, 3, 479, 11897
What are the prime factors of 626543457?
3, 2551, 81869
List the prime factors of 199885563.
3, 79, 31237
List the prime factors of 223872051.
3, 13, 5740309
What are the prime factors of 415831739?
19, 21885881
What are the prime factors of 744965966?
2, 719, 518057
What are the prime factors of 2583839898?
2, 3, 223, 883
What are the prime factors of 1492401554?
2, 7, 137, 151, 5153
What are the prime factors of 738060398?
2, 491, 857, 877
What are the prime factors of 750736943?
11, 61, 67, 16699
What are the prime factors of 47236904?
2, 11, 13, 157, 263
What are the prime factors of 162286092?
2, 3, 199, 839
List the prime factors of 7651244.
2, 29, 71, 929
What are the prime factors of 127829959?
1523, 83933
List the prime factors of 5746295555.
5, 7, 11, 13, 1148111
List the prime factors of 212640619.
313, 679363
What are the prime factors of 328123484?
2, 13, 191, 33037
List the prime factors of 1605415209.
3, 53, 10096951
List the prime factors of 84367771.
19, 31, 143239
What are the prime factors of 1581459137?
211, 677, 11071
List the prime factors of 52153221.
3, 47, 283, 1307
List the prime factors of 520602865.
5, 113, 251, 3671
What are the prime factors of 4283445954?
2, 3, 4583, 155773
What are the prime factors of 204595532?
2, 197, 259639
What are the prime factors of 1635467881?
17, 313, 307361
What are the prime factors of 4445732178?
2, 3, 4663, 52967
What are the prime factors of 160465395?
3, 5, 521, 20533
List the prime factors of 470379762.
2, 3, 23, 1136183
List the prime factors of 480957103.
11, 2879, 15187
List the prime factors of 90202226.
2, 37, 1218949
List the prime factors of 424634013.
3, 229, 206033
What are the prime factors of 41142103?
41142103
What are the prime factors of 494939761?
43, 229, 50263
List the prime factors of 3240592.
2, 337, 601
List the prime factors of 191666169.
3, 967, 2447
What are the prime factors of 1835798480?
2, 5, 22947481
What are the prime factors of 5035818326?
2, 7, 11, 37, 137, 6451
What are the prime factors of 116899185?
3, 5, 13, 53, 11311
List the prime factors of 1305381076.
2, 13693, 23833
List the prime factors of 136848663.
3, 7, 31, 23357
List the prime factors of 3652657838.
2, 557, 3278867
What are the prime factors of 1132157583?
3, 607, 207241
What are the prime factors of 820568705?
5, 11, 661, 22571
List the prime factors of 19980857.
13, 1536989
List the prime factors of 336757240.
2, 5, 2351, 3581
List the prime factors of 1574153463.
3, 389, 1348889
What are the prime factors of 1667490559?
7, 19, 12537523
List the prime factors of 41684488.
2, 47, 110863
What are the prime factors of 2720154722?
2, 19, 53, 1350623
List the prime factors of 1830873241.
157, 11661613
List the prime factors of 180552409.
5039, 35831
What are the prime factors of 21696928?
2, 11, 53, 1163
What are the prime factors of 198023?
7, 28289
List the prime factors of 3874589902.
2, 37, 73, 89, 8059
What are the prime factors of 2279100?
2, 3, 5, 71, 107
List the prime factors of 228836404.
2, 53, 1079417
List the prime factors of 1110088302.
2, 3, 197, 211, 4451
What are the prime factors of 1128313126?
2, 193, 2923091
List the prime factors of 329284409.
329284409
List the prime factors of 44513812.
2, 7, 37, 42967
List the prime factors of 377638191.
3, 7, 1063, 5639
List the prime factors of 255061822.
2, 83, 313, 4909
List the prime factors of 86599339.
41, 71, 419
What are the prime factors of 606600618?
2, 3, 13, 7776931
What are the prime factors of 233430300?
2, 3, 5, 433, 599
What are the prime factors of 8283952760?
2, 5, 173, 1197103
List the prime factors of 142687475.
5, 7, 523, 1559
List the prime factors of 12802528.
2, 59, 6781
What are the prime factors of 188669198?
2, 94334599
What are the prime factors of 323371185?
3, 5, 223, 277, 349
List the prime factors of 21033606.
2, 3, 11, 318691
List the prime factors of 974363299.
7, 13, 149, 71861
What are the prime factors of 1660206113?
8093, 205141
List the prime factors of 46547415.
3, 5, 1034387
List the prime factors of 1216659614.
2, 239, 2545313
List the prime factors of 1829131312.
2, 3119, 36653
List the prime factors of 195073783.
67, 2911549
What are the prime factors of 426901804?
2, 7, 19, 23, 139, 251
List the prime factors of 98765972.
2, 24691493
What are the prime factors of 34295300?
2, 5, 13, 23, 31, 37
What are the prime 